Let x = -6 + 11. Let w(c) = x*p(c) - q(c). What is w(1)?
4
Let y(v) = 5*v**3 + 40*v**2 + 14*v - 50. Let i(p) = -12*p**2 - 3*p + 10 + 4*p**2 + p**3 + 0*p**3 - 2*p**3. Let g(l) = 11*i(l) + 2*y(l). Determine g(-7).
-4
Let a be (18/(-5))/(2/(-5)). Let n be 3*(-3 + 33/a). Let l(t) = 2*t**2 - 7*t**2 + 1 + t**3 + 2*t + t**2. Give l(n).
-3
Let x(b) = b + 6. Let d be 2/(-1) - (-3 + -6). Let r be 6/d*7*-1. What is x(r)?
0
Suppose -8*d = -5*d + 18. Let x(r) = 3*r + 3. Give x(d).
-15
Let l(o) be the second derivative of -o**3/6 + 3*o**2 + o. Let g = 15 - 12. Determine l(g).
3
Let g(u) = -u**3 - u - 3. Let j(b) = -b**3 + 2*b**2 + 5. Let d(y) = -y**2 - 1. Let w(x) = -4*d(x) - j(x). Let o be w(-1). Give g(o).
-3
Let c(j) = 3*j. Let p be c(-1). Let i(v) = -v**3 - 3*v**2 - v. What is i(p)?
3
Let n(w) = -w**3 - 4*w**2 + 3. Let x = -1 - -9. Suppose 5*l - 14 = 11. Suppose -11 = 4*z - l*y, z + 5*y = y - x. Give n(z).
3
Suppose 2*o + 10 = 0, 2*o - 4*o - 13 = -3*p. Suppose 0*s + 4 = s. Let u(m) = -m + s*m + m. What is u(p)?
4
Let t(h) = -2*h + 7. Let f be t(4). Let r(w) = 8*w**2 + 2*w + 1. Determine r(f).
7
Suppose 0 = -0*a - 5*a - 30. Let y(c) = c**3 + 7*c**2 + 6*c + 4. Let r be y(a). Let n be (0/(-1))/(r/2). Let j(v) = -v**3 + v - 6. Determine j(n).
-6
Let s(u) = u**3 + u**2 - u + 4. Let a be 3 + (6/(-8))/(13/52). What is s(a)?
4
Let u be 3*1/3 + 0. Let b(z) = -3 + 5 - 1. Let x(q) = q + 2. Let d(f) = u*x(f) - b(f). Calculate d(-5).
-4
Let o(h) = 3*h**3 + h**2 - 2*h + 3. Suppose j - w = 4*j - 6, -j - 5*w + 2 = 0. Determine o(j).
27
Let b = -146 + 144. Let m(w) = 3*w. Give m(b).
-6
Let t(g) = g**3 + 10*g**2 + 8*g - 5. Let p be 74/(-8) + (-19)/(-76). Calculate t(p).
4
Let u(l) = -l**3 - 1. Let c(j) = -7*j**3 + j**2 - 13. Let i(t) = -c(t) + 6*u(t). Determine i(0).
7
Let g(k) = 2*k - 27. Let m be g(13). Let z(o) = 4*o**3 - 2*o**2 - o. Give z(m).
-5
Suppose -1 = 2*x + 9. Let t(i) be the third derivative of i**5/60 + i**4/4 - i**2. Give t(x).
-5
Let y(k) = k**3 - 7*k**2 + k - 5. Let c be y(7). Suppose -c*r = 35 - 13. Let d = -7 - r. Let o(g) = -g**3 + 5*g**2 - 4*g - 4. Give o(d).
-4
Suppose 0 = -f + 3*x - 4*x - 3, 4 = -2*f - x. Let y(z) be the third derivative of -z**2 + 1/12*z**4 + 0 - 1/30*z**5 + 0*z + 1/6*z**3. What is y(f)?
-3
Let l be (-16)/6 + (-17)/51. Let r(n) = -n - 5. What is r(l)?
-2
Let n = -6 - -10. Let f be n - 10 - (2 - 5). Let a(u) = -u**2 - 6*u. Calculate a(f).
9
Let r(b) = b**3 - 3*b**2 + b + 2. Let h be r(3). Suppose -3*l + 18 - 1 = 2*f, -h*f = -2*l + 5. Let a(u) = 6*u**2 + u. Determine a(f).
7
Let h(o) = -o**2 - 4*o + 4. Let a be h(-5). Let t(r) = 5*r**2 + 1. Calculate t(a).
6
Let l(d) = -d**3 + 6*d**2 - d + 1. Let m be 364/21 - 2/(-3). Let w = m + -12. What is l(w)?
-5
Let w be (-4)/(-12)*-3*-2. Suppose -2*i = 2*i - 3*x + 12, 0 = -5*i + w*x - 15. Let y(s) = s + 1. Calculate y(i).
-2
Let v(y) = -6*y**3 + y. Let k = 10 - 9. Determine v(k).
-5
Let d(k) = -2*k + 4. Let y(a) = -a + 2. Let r be y(-4). What is d(r)?
-8
Let a(f) = 3*f. Let q(t) = t**3 - 2*t**2 + t - 1. Let h be q(2). Let p be a(h). Suppose -5*w = -p*u + 2*u - 19, u = 3*w - 13. Let v(g) = 2*g + 2. Give v(w).
8
Let b(a) be the first derivative of a**4/4 - a**2 + a - 3. Let p be (-1)/(-2)*(1 + 1). Calculate b(p).
0
Let y(a) = -a**3 + 9*a**2 - 2*a + 6. Let d(b) = b**3 - 9*b**2 + 3*b - 6. Let j(k) = -2*d(k) - 3*y(k). Let t be j(9). Let f(v) = 2*v - 1. Determine f(t).
-13
Let o(m) = -3*m - 2*m**2 - 4*m**3 + 2*m - 2*m**3 + 5*m**3. Let k be 4*(0 + 1/(-2)). Give o(k).
2
Let o(r) = r**2 - 6*r + 4. Let u be -3*3/(9/1). Let z be u*(-3 + -2)*-1. Let y(d) = -2*d - 6. Let t be y(z). Determine o(t).
-4
Suppose -a - 5*i - 16 = -2*a, 4*a = -i + 1. Let n(r) be the third derivative of 0 - 1/30*r**6 + 0*r + 0*r**5 + 4*r**2 - 1/6*r**3 + 1/24*r**4. Calculate n(a).
-4
Suppose 0 = 3*w - 11 - 4. Let g(u) be the third derivative of -u**4/24 + u**3 - 2*u**2. Determine g(w).
1
Let q be (-8)/6 - 55/15. Let u(t) = 3*t + 5. What is u(q)?
-10
Let w = 3 + -1. Suppose c = 2*c + w. Let m(u) = -u. Determine m(c).
2
Let l(k) = 6*k**2 + 2*k + 1. Let d be l(-1). Let n(m) = -2*m + 4. What is n(d)?
-6
Let q = -178 + 172. Let o(f) = f + 7. What is o(q)?
1
Let z(r) = r**2 + 3*r + 1. Let b(w) = w**2 + 2*w. Let j(l) = 5*b(l) - 4*z(l). Calculate j(4).
4
Let m(g) = -3*g**3 + g**2 - g - 1. Suppose 46*h - 39*h = -7. Determine m(h).
4
Let f(p) = p**3 - 5*p**2 + 7. Let l = 11 - 8. Let h = l + 3. Suppose 5*k = h + 19. Determine f(k).
7
Let r(q) = -20*q - 21. Let t(w) = -7*w - 7. Let g(b) = -4*r(b) + 11*t(b). What is g(-6)?
-11
Let w(b) be the second derivative of b**6/360 - b**5/24 + b**4/12 + b**3/6 + 2*b. Let y(f) be the second derivative of w(f). Give y(4).
-2
Let z(j) be the third derivative of j**2 + 0*j - 1/20*j**5 - 1/3*j**3 - 1/120*j**6 + 0 + 1/6*j**4. Suppose 0*t - 20 = 4*r - 2*t, r + t = -2. Give z(r).
-2
Let h(y) = -2*y. Let o(g) = g - 4. Let b be o(-4). Let x be 0 - (3 + b)*1. Give h(x).
-10
Let m(d) = -3*d + 1 - 6*d - 3*d + 14*d. What is m(-5)?
-9
Suppose 4*a - 2 = 5*a, 2*t + 4*a = 0. Let c(f) = -2 - 4*f + 5*f - 2*f. Calculate c(t).
-6
Let s(m) = -m + 2. Let h be (-33)/(-2)*(-6)/(-9). Suppose 3*u - h = 1. Give s(u).
-2
Let v = 6 + -4. Let c(q) = 2*q**3 - 3*q**2 - 2. Let z(m) = -1 + 0 + 2*m**3 - 4*m**2 + m**2. Let y(b) = 2*c(b) - 3*z(b). Calculate y(v).
-5
Suppose -30 = -4*q - q. Let w be 2/(-6) - q/9. Let v(r) = -r**2 + r + 3. Let i(p) = -p - 2. Let n(f) = 3*i(f) + 2*v(f). Determine n(w).
-1
Suppose -3*u + 7*u + 12 = 0. Let a(p) = p**2 + 5*p + 2. What is a(u)?
-4
Let h be 6 + 5/((-5)/(-2)). Let k = 10 - h. Let p(t) = t**k + t**2 - t**3 + 4 + 3*t**2. Calculate p(5).
4
Let v(k) be the first derivative of 5*k - 2 + 1/2*k**2. Let w(f) = -f**2 - 4. Let r be w(0). Calculate v(r).
1
Let z(d) = d - d + 0*d - 4*d**2 - d. Determine z(2).
-18
Let n be (1 - 1) + 2 + -2. Let p(z) = z**2 + 1. Let x(g) = 5*g - g - 5*g**2 - 9 - 2 - 3*g. Let b(o) = 4*p(o) + x(o). Calculate b(n).
-7
Let x(i) = -i**2 - 2*i + 2. Let c(s) = 0*s - s + 3*s - 1. Let a be c(-3). Let v = 4 + a. Calculate x(v).
-1
Let x(i) = -6*i + i**2 + 28 - 4*i - 19 + 0*i. Give x(8).
-7
Let d(u) = 0*u**2 - 2*u**2 - u**3 + 3*u + 0*u**3. Suppose 0*t + t - 2 = 0. Give d(t).
-10
Let w = 63 + -32. Let k be (-16)/(-28) + w/7. Let m(y) be the first derivative of y**3/3 - 5*y**2/2 + 5*y + 1. Calculate m(k).
5
Let l(q) = q**3 + q - 3. Let b be l(0). Let y(v) = -4 - 161*v + 170*v + 14. Let k(c) = -5*c - 5. Let g(x) = 7*k(x) + 4*y(x). Determine g(b).
2
Suppose -5*m + 14 = -3*d, -m = 2*d + d - 10. Let s(z) = -4*z**3 + z**2 + 3*z - 6. Let t(k) = k**3 - k**2 + 1. Let u(p) = s(p) + 5*t(p). Give u(d).
-3
Let l(u) be the first derivative of -6 + u + 1/2*u**2 - 5/3*u**3. Calculate l(-1).
-5
Let p = 10 + -5. Suppose -22 = -p*z + 3. Let f(l) = 5 - 5*l + 0*l**2 + l**2 + 0*l**2. Determine f(z).
5
Let y(p) be the first derivative of p**3/3 + 5*p**2/2 - p - 4. Determine y(-3).
-7
Let p(a) = 1. Let j(l) = 2*l. Let r(g) = j(g) + p(g). Give r(-1).
-1
Let y(r) = 3*r - 6. Let f be y(-5). Let u be (-15)/f - 2/(-7). Let t(v) = -4 + 3 - 9*v**2 + 3*v - v. What is t(u)?
-8
Let j(f) = -f**3 - 4*f**2 + 6*f + 5. Suppose a - 60 = 13*a. Calculate j(a).
0
Let i(x) = 2*x**2 - 5*x + 9. Let z(g) = g**2 - 2*g + 4. Let k(v) = 3*i(v) - 7*z(v). Let q(b) = -6*b - 3 + b + 4*b + 2*b. Let w be q(3). Give k(w).
-1
Let k(j) = j**2 + 2*j - 20. Let o be k(-6). Let q(x) = x**3 - 4*x**2 + 4. What is q(o)?
4
Let o(c) be the second derivative of 0 + c + 0*c**2 - 1/3*c**3. Calculate o(3).
-6
Let q(b) = -b - 6. Suppose 0*d = 4*m + 5*d + 25, -3*d = 3*m + 15. Determine q(m).
-6
Let y(g) = -2*g - 1. Let w(x) be the third derivative of -x**5/60 - x**4/3 + x**3/2 - x**2. Let n be w(-8). What is y(n)?
-7
Let m(t) = 2*t + 1. Suppose -2 = -3*z + 4. Suppose 0 + 3 = b - 5*o, -2*b + z*o - 2 = 0. Give m(b).
-3
Let d be (3/(-2))/((-3)/8). Suppose d*m - 7 = m - 2*r, 2*r = -5*m + 17. Let k(q) = -q**2 + 4*q - 1. What is k(m)?
-6
Suppose -23 = 3*n - 4*d - 0, 3*n + 9 = -3*d. Let g(m) = 2*m - 2. What is g(n)?
-12
Let k(a) = -a - 1. Let m(b) = b**2 - 3*b - 9. Let z(p) = -5*k(p) + m(p). Determine z(-5).
11
Suppose 2*m = -3*m. Let k = m - -4. Let a(f) = 2*f + 2*f - 5*f. Calculate a(k).
-4
Let u(g) be the first derivative of -g**3/3 - g**2/2 - 6*g - 26. What is u(0